-2*i + 4*l - 33, 2*i + 2*l - 14 = 0. Let o = -2 + 1. Let g = i + o. What is the units digit of g?
4
Suppose 0 = -4*d - c + 16, -4*d + 2*c + 33 = d. Let j(g) = g + 15 - 15 + 0*g. What is the units digit of j(d)?
5
Let o = -229 + 336. What is the units digit of o?
7
Suppose 0 = -5*y + 3*k + 61, -3*y - 2*k + 48 = -0*k. What is the units digit of y?
4
Let f(n) = -n + 9. Suppose d = -2*c + 12, 30 = 5*c + 2*d - d. Let h be f(c). Suppose 0 = 3*l + 4*s + 9, h*s + 4 + 3 = -2*l. What is the units digit of l?
1
Let k(g) = -g**3 - 8*g**2 + 9*g + 8. Let b be k(-9). Suppose 64 = 4*v + b. What is the tens digit of v?
1
Let g be 4 - ((-4)/(-2) + -2). Suppose g = v - 24. Let t = -14 + v. What is the units digit of t?
4
Let b(x) = -3*x - 2 - 4 + 2*x**2 + 0 + 3. What is the units digit of b(-2)?
1
Let n(z) be the second derivative of z**3/6 - 5*z**2/2 + z. Let a be n(10). Suppose 0*u + 3*u = 9, -a*p + 11 = 2*u. What is the units digit of p?
1
Suppose -b - 2*c + 1 = 2, 0 = 3*b - 2*c - 21. Suppose -40 = -2*r - b*n, 4*r + 27 = -2*n + 75. What is the units digit of r?
0
Let g be (-18)/(-12) - 9/2. Let z = g - -15. What is the tens digit of z?
1
Suppose n = -2*n - 9. What is the units digit of (17/2)/(n/(-6))?
7
Let h(u) = -u**2 + 5*u + 3. Let s be h(3). Suppose 2*m = -s - 5. What is the units digit of -1 - (m + 1) - 0?
5
Let x = -2 + 2. Suppose x = -3*l, -5*v + 4*v + 5*l = -7. What is the units digit of v?
7
Let r be 14/77 + (-332)/11. Let p = -16 - r. What is the tens digit of p?
1
Let v(j) = -j**3 + 5*j**2 + 6*j + 5. Let i be v(6). Let m be 3/(-15) + 81/i. What is the units digit of (1 + -4)*m/(-6)?
8
Suppose -o - o = -12. Suppose -o*u + 20 = -u. Suppose -25 = -3*d - 2*n, -4*d - 5*n + 42 - u = 0. What is the units digit of d?
7
Suppose -5*s = -6*z + 2*z - 31, -z + s = 7. Let y be -2*1*14/(-4). Let b = z + y. What is the units digit of b?
3
Let r(b) = b**2 - 6*b + 7. Let l(f) = 2*f**2 - 5*f - 1. Let s be l(5). Suppose 0*z - 4*z + s = 0. What is the units digit of r(z)?
7
Suppose 2*a + 11 = 3*a. Let n = -39 - -56. Let o = n - a. What is the units digit of o?
6
Let l(r) = r**3 + 5*r**2 - 6*r + 3. Let i be l(-6). Suppose -i*k + 19 + 17 = 0. What is the units digit of k?
2
Let x = -1 + 4. Suppose 2*a + x = -g, -g - 7 = 5*a - 2*a. What is the units digit of g?
5
What is the units digit of (-5564)/(-78) - -2*2/(-12)?
1
Let h = -228 + 324. What is the units digit of h?
6
Let i(u) = u**3 + u**2 - u + 6. Let z(o) = -o**2 + 1. Let c be z(-1). What is the units digit of i(c)?
6
Suppose 0*o - 4 = -o. Suppose 4*x + 16 = o*t, -5*t = 2*x + 3*x + 30. Let l = x - -12. What is the units digit of l?
7
Suppose 153 = 6*d - 3*d. What is the units digit of d?
1
Let i = -11 + 4. Let y = 10 - i. Let k = y + -4. What is the units digit of k?
3
Let y = -32 - -14. Suppose -d - 13 + 39 = 0. Let p = d + y. What is the units digit of p?
8
Let l be 26 + -6*(-4)/8. Let a = l - 11. What is the units digit of a?
8
Suppose -2*i - 166 = -5*k, 2*i = 4*k + 5*i - 119. What is the units digit of k?
2
Let d(w) be the third derivative of w**5/12 + w**4/12 - w**3/2 + 6*w**2. What is the tens digit of d(-3)?
3
Let c(m) = m**2 + 5*m - 6. Let j be c(10). Suppose 3*o + 0*o = j. What is the units digit of o?
8
Let y be (-3)/(-1)*2/3. What is the units digit of y - (3 - 2) - -50?
1
Suppose 0 = 3*x - 59 - 79. What is the tens digit of x?
4
Let z(k) = -k**3 - 7*k**2 + 9*k + 3. Let h be z(-8). Let s be (h + 6)/(1/5). Suppose -3*a - 2*a = -s. What is the units digit of a?
1
Let y(g) = g**2 - 2*g + 18. What is the tens digit of y(9)?
8
Let f be 0 + 3*3/9. Let s be 9 + f - 3*1. Suppose -5*x + s = -48. What is the units digit of x?
1
What is the tens digit of (34/(-4))/((-308)/(-104) - 3)?
2
Let w(d) = -2*d**3 - 15*d**2 + 14*d + 5. What is the hundreds digit of w(-9)?
1
What is the tens digit of ((-3)/2)/((-21)/728)?
5
Let l = 25 + -29. What is the tens digit of 51 - (7 - (8 + l))?
4
Suppose -m = -6*m. What is the units digit of 1 + 2 + (-1 - m)?
2
Let k(w) = 2*w**2 + 7*w + 4. Suppose -4*d - 19 = 3*p, -5*d - 2*p - 21 = -p. What is the units digit of k(d)?
8
Suppose 16 = u - 3*b, -3*u - 4 = 4*b + 13. Let a be 3/(-6)*(-24)/u. Let j = a - 6. What is the units digit of j?
6
Let d be ((-6)/(-4))/((-9)/(-12)). Suppose d*a = 3*a - 16. What is the units digit of a?
6
Suppose 0 = -9*f + 1081 + 80. What is the units digit of f?
9
Suppose 0 = -7*w + 11*w. Suppose w = z - 56 + 22. What is the tens digit of z?
3
Suppose -n + 7 = q, q = -2*n + 3*q - 2. Suppose 0 = -2*b + n*b - 17. What is the tens digit of b?
1
Suppose 2*l - 3*k - 95 = l, 5*k = -15. What is the tens digit of l?
8
What is the units digit of (-39)/26*(-28)/6?
7
Let u(p) = -p - 4. Suppose -4*x - 2*f - 19 = -1, x + f = -4. Let a be u(x). Suppose a = -3*q + 13. What is the units digit of q?
4
Let c be 0/(4 - 2/1). Suppose c = 2*u - u - 8. What is the units digit of u?
8
Let u be 0/7 + 2*1. Suppose j + u*j - 33 = 0. What is the units digit of (-6)/33 + 24/j?
2
Let i be ((-4)/(-16)*0)/1. Suppose i = -3*b + 115 - 1. What is the units digit of b?
8
Let g = -7 - -9. Suppose 0 = g*d - 40 + 14. What is the tens digit of d?
1
Let j be (3/6)/((-1)/(-6)). Suppose -j*h + 36 = -27. What is the tens digit of h?
2
Suppose p = 0, 0 = -2*d + 5*p + 107 - 39. What is the units digit of d?
4
Let p = -5 - -4. Let q be (p + 0/(-3))*1. What is the tens digit of -1 + 20 - (q + 3)?
1
Suppose s + 2*u - 2 = -7, -4*s + 2*u = -20. Let y = s - 4. Let n = 3 - y. What is the units digit of n?
4
Let i = 13 - 32. Let c = i + 23. What is the units digit of c?
4
Suppose 20*q - 19*q + 3*w - 276 = 0, -5*q + 1367 = 2*w. What is the units digit of q?
3
Let k(b) = -14*b - 75. What is the tens digit of k(-20)?
0
Suppose -18 = -5*u - 2*d, u - 5*u = 2*d - 14. Suppose -u*w = -22 - 30. What is the units digit of w?
3
Let r(w) = -w**3 + 4*w**2 + 3*w + 3. Let q be r(4). Suppose 6 = 3*t - q. What is the units digit of t?
7
Suppose 3*o = -14 - 1. Let j = o - -6. Let u = 2 + j. What is the units digit of u?
3
Let r be 4/3*6/(-4). Let g = 4 + r. Suppose -3*b = g*b - 10. What is the units digit of b?
2
Let x be (324/(-45))/(2/(-5)). Let o be (1 + 1)/(4/86). Suppose 5*t = -x + o. What is the units digit of t?
5
Let h = -4 - -6. Let k be 1*(4 - h)*2. Suppose k*s - u + 13 = 49, -u = s - 14. What is the tens digit of s?
1
Suppose -p = -5*p. Suppose 6*n = 5*d + n, -4 = 4*d - 2*n. Let t = p - d. What is the units digit of t?
2
Suppose -w = -5*w + 8. Suppose 2*u - 5*m = 20, u + w*m = 3 - 11. Let l = u - -2. What is the units digit of l?
2
Let u be ((-4)/3)/2*-3. Suppose -15 = v + u*v. What is the units digit of (-6)/v*(-45)/(-6)?
9
Let k(z) = z + 1. Let p be k(4). Let j(x) = -7 + 3*x**2 + 2*x**3 + 7*x - 3*x**3 + x**2. What is the units digit of j(p)?
3
Let r = 5 + -1. What is the units digit of r + (2 + -1 - -1)?
6
Let p(r) = r**2 + r + 5. What is the units digit of p(-4)?
7
Suppose -424 = -5*z + 61. What is the units digit of z?
7
Let s = -7 + 0. Let y(d) = -d**2 - 8*d - 5. Let o be y(s). What is the units digit of o*(0/(-2) + 1)?
2
Let s(q) = q + 9. Let y be s(-9). Suppose -3*z + 23 - 5 = y. What is the units digit of z?
6
What is the tens digit of (-8)/68 + 359/17?
2
Let b(c) = 8*c**2 - 2*c - 1. Let p(h) = -h**2 + h + 1. Let r(v) = b(v) + 2*p(v). Suppose 5*x - 3 = -2*f, 0 = 5*x + 4*f - 2 + 1. What is the units digit of r(x)?
7
Let t = 72 + -167. Let p = -62 - t. What is the units digit of p?
3
Suppose 41 = 4*z + 5*l - 678, -3*l = z - 178. What is the units digit of z?
1
Let p be -5 + 5/(-1) + 1. Let x = p + 27. What is the tens digit of x?
1
Let a(u) = 2*u + 63. What is the tens digit of a(-22)?
1
Let h(z) be the third derivative of z**5/6 + z**4/12 + z**3/6 + z**2. What is the units digit of h(-1)?
9
Let n be (1/3)/(1/9). Let p(l) = l**2 + 7*l + 9. Let b be p(-6). Suppose n*x + 0*u + u = 23, b*x - 38 = -4*u. What is the units digit of x?
6
Let q(x) = 2*x - 4. Let k be q(6). Suppose -5*m + 3*y - 11 = 0, 0 = 2*m + 4*y + k + 12. Let n(t) = -t**2 - 6*t + 1. What is the units digit of n(m)?
9
Suppose -4*u + 172 + 135 = -5*r, 0 = -u - 3*r + 98. What is the units digit of u?
3
Suppose -3*q + 2*i - 10 = 0, 2*q + 7*i - 3*i - 20 = 0. Suppose 5*j + q*j - 165 = 0. What is the tens digit of j?
3
Let a(m) = m + 2. Let q be a(0). Suppos